or of 16 and v?
16
Let k be (-2)/6 + 340/12. Suppose -2*j = 8 - k. Let v be (32/(-10))/((-1)/j). What is the greatest common factor of 8 and v?
8
Let i be (5 - 1) + (-3 - -4). Suppose -i*n = -0*n. Let m be 10 - (-3 + (3 - n)). What is the greatest common factor of m and 90?
10
Let y be (-4)/(-6)*2*3. Let s = y - -4. Suppose -2 + s = l. What is the highest common divisor of 30 and l?
6
Let q = 1 - -14. Suppose -2*f + 3*f - 3 = 0, 3*f = -2*w + 249. What is the highest common divisor of w and q?
15
Suppose -3*x = -4*z + 11, 0 = 5*x - 2 + 27. Let h be (-15)/(z + 0 + 0). What is the greatest common divisor of h and 6?
3
Let a = 68 - 22. What is the highest common divisor of 23 and a?
23
Let f be ((-30)/(-8))/(6/32). Calculate the highest common divisor of f and 140.
20
Let a be 6 - -16 - (1 - -3). Suppose -11*k + 10*k = -a. Calculate the highest common divisor of k and 162.
18
Suppose -g = -4*j - 30, -g + 6 + 3 = 3*j. What is the greatest common factor of g and 162?
18
Let t(v) = 11*v + 2. Let j be t(-7). Let s = 117 + j. Suppose -7*n + 2*n - 4*o + s = 0, 4*o - 6 = n. What is the highest common divisor of 18 and n?
6
Let c be (-3)/2 + 3/(-6). Let j be 3*33/(c - -3). What is the greatest common divisor of j and 11?
11
Let v(y) = 4*y**2 + 2*y + 1. Let q be v(-2). What is the greatest common divisor of q and 65?
13
Let j(y) = 5*y - 4*y - 13*y - 2. Let q be j(-6). Suppose 22 = 4*i - 34. What is the greatest common divisor of q and i?
14
Let r = 158 - 93. Let u = 155 - 142. Calculate the highest common divisor of u and r.
13
Let l = -13 + 17. Suppose 2*r + 4*p - 78 = 0, l*r - 87 = -5*p + 63. What is the greatest common factor of r and 5?
5
Let u = 85 - -13. Let z = u + -68. What is the greatest common factor of 6 and z?
6
Suppose -4*k + 0*k + 34 = -j, 3*j = 4*k - 30. What is the highest common factor of 9 and k?
9
Let t = 22 - 7. Let x(v) = v**3 - 7*v**2 - 8*v + 8. Let d be x(8). Let n = d - 5. Calculate the highest common factor of t and n.
3
Suppose h - 3 = 3*g + 14, -4*h + 2*g + 78 = 0. What is the greatest common divisor of h and 8?
4
Suppose 0 = 2*f + 5*r - 41, 0 = f - 6*r + 2*r - 14. Let c = f - 3. What is the greatest common factor of c and 45?
15
Let c(l) = -2*l - 9. Let t(a) = -a - 5. Let i(h) = -6*c(h) + 11*t(h). Let r be i(3). Let b = 3 - 0. Calculate the highest common divisor of r and b.
1
Suppose 9*p + 1 = 10. Let u = -2 + 4. Calculate the greatest common factor of p and u.
1
Suppose 80 = 3*y + y. What is the greatest common factor of 30 and y?
10
Let g = -5 + -2. Let q = g - -11. Suppose -q*s = s - 30. What is the greatest common factor of 2 and s?
2
Let h(t) = -t + 15. Suppose 3*v - 5*v = -28. Let u be h(v). Let r = -2 - -3. What is the greatest common factor of r and u?
1
Let s(j) = -5*j - 1. Let d be s(-2). Suppose -4*w + 404 = -4*b + 6*b, -3*b = -12. What is the highest common divisor of w and d?
9
Let p be ((-1)/(-2))/((-24)/(-1056)). What is the greatest common divisor of 198 and p?
22
Let d = -5 + -15. Let s = d - -29. What is the highest common divisor of 72 and s?
9
Let j = 103 + -88. Suppose -5*c = 4 - 29. What is the greatest common factor of j and c?
5
Let u(g) = g**2 + 2*g - 3. Let q be u(-3). Suppose 3*m - 2*r - 18 = 0, 6 = -q*r + 2*r. Calculate the highest common factor of 56 and m.
8
Let f be (1/(-3))/(2/(-12)). Calculate the greatest common divisor of f and 18.
2
Let d = -138 - -210. Suppose 0 = -x, 0*x = 4*h + 4*x - 12. Suppose -27 = -h*k - 0*k. Calculate the greatest common factor of d and k.
9
Let o(w) = -2*w**3 - 9*w**2 - 25*w + 9. Let b be o(-7). What is the greatest common factor of b and 39?
39
Suppose 5*c = 10, 3*c + 44 = w + c. What is the highest common factor of 16 and w?
16
Let v be -9*((-33)/9 + 3). Let m be (-125)/(-3) + 2/v. Let z(f) = -3*f**3 - 3*f**2 - 2*f - 2. Let o be z(-2). What is the greatest common factor of o and m?
14
Let s be (-445)/(-20) + 1/(-4). Suppose -5*t = -5*y - t - 12, -3*y - 5*t = s. Let z be (y/6)/((-4)/18). What is the greatest common divisor of 33 and z?
3
Let z be 6/9 - (-116)/6. Let c = 102 - 72. What is the greatest common divisor of c and z?
10
Let u = 0 - -2. Let l = 114 + -106. What is the greatest common factor of u and l?
2
Let j(y) = 3*y + 16. Let l(i) = i + 1. Let v(f) = j(f) - 5*l(f). Let z be v(-8). Let k = 0 - -3. Calculate the greatest common factor of z and k.
3
Let b be (3 + 107)/2 - -1. Suppose 0 = 3*v + c - 27, -5*v + c + 0*c = -37. Calculate the greatest common divisor of b and v.
8
Let b(m) = -1 - 8*m + 25*m + 0. Let c be b(-7). Let x be (2*-1)/(2/c). Calculate the highest common divisor of 15 and x.
15
Let j(f) = f**3 - 8*f**2 + 2. Let l be j(8). Suppose l*s - 60 = -2*s. Calculate the greatest common divisor of 10 and s.
5
Let u = 116 + -81. What is the greatest common factor of 5 and u?
5
Suppose 4*x = -1703 - 169. Let u = x + 676. What is the highest common factor of u and 26?
26
Let l(v) = -v**3 + 3*v**2 + 2*v + 9. Let a be l(4). What is the highest common factor of 3 and a?
1
Let u(x) = -x**2 + 14*x - 6. Let d be u(11). What is the greatest common divisor of d and 36?
9
Let s(o) = -o + 9. Let k be s(-5). What is the highest common factor of k and 42?
14
Let w = -12 + 3. Let n = 13 + w. Let b be 14/n - (-2)/4. Calculate the greatest common factor of 44 and b.
4
Let t = 26 - 10. Let b = t - 1. Calculate the greatest common factor of b and 3.
3
Let d = -33 + 43. What is the highest common factor of 30 and d?
10
Let z(j) = -4*j**2 + 12*j - 12. Let c(y) = -7*y**2 + 24*y - 23. Let h(k) = 3*c(k) - 5*z(k). Let n be h(10). What is the greatest common divisor of 11 and n?
11
Suppose -3*t - 3*q + 33 = -6*q, -3*t - 5*q = -33. What is the greatest common divisor of t and 121?
11
Suppose o - 44 = -o. Suppose 99 = 4*m - m. What is the highest common divisor of m and o?
11
Let k be 66/9 - (-3)/(-9). Suppose -z + k = -0. What is the highest common factor of z and 49?
7
Let p be 15 + 4*2/8. Calculate the highest common factor of p and 8.
8
Let o be -2 + 45 + (-3)/((-15)/10). Suppose 0 = n - 5*k + 23, -4*n = 5*k - 1 - 7. Let z be n*(-5)/(o/24). What is the greatest common divisor of z and 4?
4
Suppose -2 = 3*h - 8. Suppose 5*k = -15, -2*k = -h*p + 2*k + 90. What is the greatest common divisor of 26 and p?
13
Let c(f) = f**3 - 14*f**2 + 29*f - 12. Let v be c(12). What is the highest common divisor of 12 and v?
12
Let n = -7 + 21. Let m be 340/35 + 4/n. Calculate the greatest common divisor of 70 and m.
10
Let l be ((-54)/18)/((-1)/(-6)). Let c be l/12 - 19/(-2). Calculate the highest common divisor of 1 and c.
1
Let x(b) = 3*b + 25. Let w be x(15). What is the highest common factor of w and 14?
14
Let g be (0 + (-28)/5)*-5. Suppose -5*o - g = -108. Calculate the greatest common divisor of 112 and o.
16
Suppose 2*a = 7*a + 3*r - 1452, -1420 = -5*a + 5*r. Calculate the greatest common factor of a and 18.
18
Let m be (-1 - 0)/(1/(-3)). Calculate the highest common factor of m and 24.
3
Suppose 0 = 30*f - 26*f - 320. Calculate the highest common factor of f and 16.
16
Let r be 2/(-8) + 82/8. Let o(q) = 2*q + 7. Let b be o(4). What is the highest common divisor of r and b?
5
Suppose 0*k - 36 = -2*k. Let z be (-2 + 1)*(-1 - -3). Let q be 2 + (2/(-1) - z). What is the greatest common divisor of k and q?
2
Let q = 255 + -101. Suppose -t + 34 = 4*b, -3*b - 1 = -t - 2. Calculate the greatest common factor of t and q.
14
Let s be (16/(-4) + 3)*-3. Suppose -l + 4*k - 7 = -0, -3*k = -l - s. What is the highest common divisor of 72 and l?
9
Suppose 0 = -2*r - 5*t + 32 + 93, 274 = 4*r + 2*t. Let f = 6 - 3. Suppose 3*q - k = -19 + 44, 3*q - 33 = f*k. What is the greatest common factor of q and r?
7
Let k(a) = -19*a + 10. Let c be k(-8). What is the highest common divisor of 18 and c?
18
Suppose 17 + 103 = 2*f. Suppose 0*d = -4*d + f. Calculate the greatest common factor of 3 and d.
3
Suppose 0 = 5*d + n - 599, 2*d - 5*n + 475 = 6*d. What is the highest common factor of 12 and d?
12
Let l be ((-17)/2)/(7/(-14)). Suppose 5*h + 2 = -s - s, 0 = 2*s + 3*h - 6. Let t(v) = 20*v + 7. Let a be t(s). What is the highest common divisor of a and l?
17
Suppose -3*y - 95 = -4*c, 3*c - 23 = 3*y + 46. Let i = 2 + -7. Let h = 8 - i. What is the greatest common factor of c and h?
13
Let y be (-5 + 66)/(1 + 